{"id":2,"date":"2021-12-15T08:38:52","date_gmt":"2021-12-15T07:38:52","guid":{"rendered":"http:\/\/bluefoxdes.de\/bbq-set\/?page_id=2"},"modified":"2023-03-09T15:21:14","modified_gmt":"2023-03-09T14:21:14","slug":"beispiel-seite","status":"publish","type":"page","link":"https:\/\/www.bluefoxdes.de\/bbq-set\/","title":{"rendered":"Startseite"},"content":{"rendered":"<p>[et_pb_section fb_built=&#8220;1&#8243; _builder_version=&#8220;4.9.1&#8243; _module_preset=&#8220;default&#8220; background_color=&#8220;#000000&#8243; background_image=&#8220;https:\/\/www.bluefoxdes.de\/bbq-set\/wp-content\/uploads\/2021\/12\/Hintergrund.jpg&#8220; border_radii=&#8220;on|3px|3px|3px|3px&#8220; border_color_all=&#8220;#c79d25&#8243;][et_pb_row _builder_version=&#8220;4.9.1&#8243; _module_preset=&#8220;default&#8220;][et_pb_column type=&#8220;4_4&#8243; _builder_version=&#8220;4.9.1&#8243; _module_preset=&#8220;default&#8220;][et_pb_image src=&#8220;https:\/\/www.bluefoxdes.de\/bbq-set\/wp-content\/uploads\/2021\/12\/Header1.png&#8220; alt=&#8220;BBQ Grillset mit BBQ-Trennspray, Grillreiniger &#038; gratis Reinigungsschwamm!&#8220; title_text=&#8220;Header1&#8243; align=&#8220;center&#8220; _builder_version=&#8220;4.9.1&#8243; _module_preset=&#8220;default&#8220;][\/et_pb_image][et_pb_divider show_divider=&#8220;off&#8220; _builder_version=&#8220;4.9.1&#8243; _module_preset=&#8220;default&#8220;][\/et_pb_divider][et_pb_divider show_divider=&#8220;off&#8220; _builder_version=&#8220;4.9.1&#8243; _module_preset=&#8220;default&#8220;][\/et_pb_divider][et_pb_text _builder_version=&#8220;4.9.1&#8243; _module_preset=&#8220;default&#8220;]<\/p>\n<p style=\"text-align: center;\">Das Powerseller Set \u00fcberzeugt durch sein markantes Design am POS und wurde von Grillprofis entwickelt. In jeder Packung ist ein\u00a0<strong>gratis Reinigungsschwamm<\/strong>\u00a0f\u00fcr den sofortigen Einsatz enthalten.<\/p>\n<p>[\/et_pb_text][et_pb_divider show_divider=&#8220;off&#8220; _builder_version=&#8220;4.9.1&#8243; _module_preset=&#8220;default&#8220;][\/et_pb_divider][et_pb_divider show_divider=&#8220;off&#8220; _builder_version=&#8220;4.9.1&#8243; _module_preset=&#8220;default&#8220;][\/et_pb_divider][et_pb_image src=&#8220;https:\/\/www.bluefoxdes.de\/bbq-set\/wp-content\/uploads\/2022\/02\/BBQ-Banner.png&#8220; alt=&#8220;BBQ Set mit BBQ-Spray, Grillreiniger und Handels-Umverpackung des Sets!&#8220; title_text=&#8220;BBQ-Banner&#8220; align=&#8220;center&#8220; _builder_version=&#8220;4.9.1&#8243; _module_preset=&#8220;default&#8220;][\/et_pb_image][\/et_pb_column][\/et_pb_row][et_pb_row _builder_version=&#8220;4.9.1&#8243; _module_preset=&#8220;default&#8220;][et_pb_column type=&#8220;4_4&#8243; _builder_version=&#8220;4.9.1&#8243; _module_preset=&#8220;default&#8220;][et_pb_text _builder_version=&#8220;4.9.1&#8243; _module_preset=&#8220;default&#8220;]<\/p>\n<div class=\"section-header\">\n<h2 class=\"topline\" style=\"text-align: center;\"><strong><span style=\"color: #c79d25; font-size: 26px;\">LET\u2018S SPARE THE RIBS!<\/span><\/strong><\/h2>\n<\/div>\n<div class=\"section-col section-col-1\">\n<p style=\"text-align: center;\">Unser neues\u00a0<strong>BBQ-Trennspray<\/strong>\u00a0wurde auf rein pflanzlicher Raps\u00f6l-Basis hergestellt und ist ein echtes Multitalent.<\/p>\n<p style=\"text-align: center;\">Die Rezeptur wurde perfekt abgestimmt! Egal ob f\u00fcr den Einsatz am Grillrost, gusseiserne Pfanne oder Ofenblech. Das Trennspray bietet ebenfalls bei regelm\u00e4\u00dfiger Anwendung Schutz vor Korrosion.<\/p>\n<p>&nbsp;<\/p>\n<\/div>\n<p style=\"text-align: center;\"><a href=\"https:\/\/www.bluefoxdes.de\/bbq-set\/grillspray\/\">BBQ-Trennspray: Zutaten, Anwendungshinweise &#8211; Gefahrenhinweise<\/a><\/p>\n<p>&nbsp;<\/p>\n<p>[\/et_pb_text][\/et_pb_column][\/et_pb_row][et_pb_row _builder_version=&#8220;4.9.1&#8243; _module_preset=&#8220;default&#8220;][et_pb_column type=&#8220;4_4&#8243; _builder_version=&#8220;4.9.1&#8243; _module_preset=&#8220;default&#8220;][et_pb_text _builder_version=&#8220;4.9.1&#8243; _module_preset=&#8220;default&#8220;]<\/p>\n<p style=\"text-align: center;\">Der\u00a0<strong>Grill-Reiniger<\/strong>\u00a0kann innen, wie auch au\u00dfen am Grill eingesetzt werden und l\u00f6st die hartn\u00e4ckigsten Verschmutzungen. Auch hervorragend f\u00fcr Emaille Materialien geeignet.<\/p>\n<p>&nbsp;<\/p>\n<p style=\"text-align: center;\"><a href=\"https:\/\/www.bluefoxdes.de\/bbq-set\/grillreiniger\/\">Grillreiniger: Zusammensetzung, Anwendungshinweise &#8211; Gefahrenhinweise<\/a><\/p>\n<p>[\/et_pb_text][et_pb_divider show_divider=&#8220;off&#8220; _builder_version=&#8220;4.9.1&#8243; _module_preset=&#8220;default&#8220;][\/et_pb_divider][et_pb_divider color=&#8220;#FFFFFF&#8220; _builder_version=&#8220;4.9.1&#8243; _module_preset=&#8220;default&#8220;][\/et_pb_divider][et_pb_text _builder_version=&#8220;4.9.1&#8243; _module_preset=&#8220;default&#8220; hover_enabled=&#8220;0&#8243; sticky_enabled=&#8220;0&#8243;]<\/p>\n<p style=\"text-align: center;\"><strong><span style=\"color: white;\">BESTELLINFORMATIONEN:<\/span><\/strong><\/p>\n<p style=\"text-align: center;\">VE 10 = 10 Sets im Regalkarton \/\/ Art. Nr. BF30326 \/\/ EAN: 42 6240994 004 2<\/p>\n<p style=\"text-align: center;\">VE 20 = 20 Sets im Regalkarton \/\/ Art.Nr. BF30297 \/\/ EAN: 42 6006832 392 3<\/p>\n<p style=\"text-align: center;\">POS Display 1\/4 Chep (Ma\u00dfe: 60 x 40 x 1050 cm)<br \/>Best\u00fcckung: 3 Lagen = 90 Sets \/\/ Art.Nr. BF30298 \/\/ EAN: 42 6006832 391 6<\/p>\n<p>[\/et_pb_text][et_pb_divider show_divider=&#8220;off&#8220; _builder_version=&#8220;4.9.1&#8243; _module_preset=&#8220;default&#8220;][\/et_pb_divider][et_pb_divider color=&#8220;#FFFFFF&#8220; _builder_version=&#8220;4.9.1&#8243; _module_preset=&#8220;default&#8220;][\/et_pb_divider][\/et_pb_column][\/et_pb_row][et_pb_row column_structure=&#8220;1_4,1_2,1_4&#8243; _builder_version=&#8220;4.9.1&#8243; _module_preset=&#8220;default&#8220;][et_pb_column type=&#8220;1_4&#8243; _builder_version=&#8220;4.9.1&#8243; _module_preset=&#8220;default&#8220;][\/et_pb_column][et_pb_column type=&#8220;1_2&#8243; _builder_version=&#8220;4.9.1&#8243; _module_preset=&#8220;default&#8220;][et_pb_image src=&#8220;https:\/\/www.bluefoxdes.de\/bbq-set\/wp-content\/uploads\/2022\/02\/grillflyer-bildvorschau.jpg&#8220; alt=&#8220;BBQ-Set  Flyer f\u00fcr Eink\u00e4ufer herunterladen&#8220; title_text=&#8220;grillflyer-bildvorschau&#8220; url=&#8220;http:\/\/bluefoxdes.de\/grill-flyer.pdf&#8220; url_new_window=&#8220;on&#8220; align=&#8220;center&#8220; _builder_version=&#8220;4.9.1&#8243; _module_preset=&#8220;default&#8220;][\/et_pb_image][et_pb_text _builder_version=&#8220;4.9.1&#8243; _module_preset=&#8220;default&#8220; hover_enabled=&#8220;0&#8243; sticky_enabled=&#8220;0&#8243;]<\/p>\n<p style=\"text-align: center;\"><a href=\"https:\/\/www.bluefoxdes.de\/bbq-set\/wp-content\/uploads\/2023\/03\/grill-flyer.pdf\" target=\"_blank\" rel=\"noopener\">Produktflyer herunterladen<\/a><\/p>\n<p>&nbsp;<\/p>\n<p>&nbsp;<\/p>\n<p align=\"center\">Powered by Stever Marketing &amp; Vertrieb e.K. | <a href=\"https:\/\/www.bluefoxdes.de\/bbq-set\/impressum\/\">Impressum<\/a> | <a href=\"https:\/\/www.bluefoxdes.de\/bbq-set\/datenschutz\">Datenschutz<\/a><\/p>\n<p>[\/et_pb_text][\/et_pb_column][et_pb_column type=&#8220;1_4&#8243; _builder_version=&#8220;4.9.1&#8243; _module_preset=&#8220;default&#8220;][\/et_pb_column][\/et_pb_row][\/et_pb_section]<\/p>\n","protected":false},"excerpt":{"rendered":"<p>[et_pb_section fb_built=&#8220;1&#8243; _builder_version=&#8220;4.9.1&#8243; _module_preset=&#8220;default&#8220; background_color=&#8220;#000000&#8243; background_image=&#8220;https:\/\/www.bluefoxdes.de\/bbq-set\/wp-content\/uploads\/2021\/12\/Hintergrund.jpg&#8220; border_radii=&#8220;on|3px|3px|3px|3px&#8220; border_color_all=&#8220;#c79d25&#8243;][et_pb_row _builder_version=&#8220;4.9.1&#8243; _module_preset=&#8220;default&#8220;][et_pb_column type=&#8220;4_4&#8243; _builder_version=&#8220;4.9.1&#8243; _module_preset=&#8220;default&#8220;][et_pb_image src=&#8220;https:\/\/www.bluefoxdes.de\/bbq-set\/wp-content\/uploads\/2021\/12\/Header1.png&#8220; alt=&#8220;BBQ Grillset mit BBQ-Trennspray, Grillreiniger &#038; gratis Reinigungsschwamm!&#8220; title_text=&#8220;Header1&#8243; align=&#8220;center&#8220; _builder_version=&#8220;4.9.1&#8243; _module_preset=&#8220;default&#8220;][\/et_pb_image][et_pb_divider show_divider=&#8220;off&#8220; _builder_version=&#8220;4.9.1&#8243; _module_preset=&#8220;default&#8220;][\/et_pb_divider][et_pb_divider show_divider=&#8220;off&#8220; _builder_version=&#8220;4.9.1&#8243; _module_preset=&#8220;default&#8220;][\/et_pb_divider][et_pb_text _builder_version=&#8220;4.9.1&#8243; _module_preset=&#8220;default&#8220;] Das Powerseller Set \u00fcberzeugt durch sein markantes Design am POS und wurde von Grillprofis entwickelt. In jeder Packung ist ein\u00a0gratis Reinigungsschwamm\u00a0f\u00fcr [&hellip;]<\/p>\n","protected":false},"author":1,"featured_media":293,"parent":0,"menu_order":0,"comment_status":"closed","ping_status":"open","template":"","meta":{"_et_pb_use_builder":"on","_et_pb_old_content":"","_et_gb_content_width":"","footnotes":""},"class_list":["post-2","page","type-page","status-publish","has-post-thumbnail","hentry"],"yoast_head":"<!-- This site is optimized with the Yoast SEO plugin v24.2 - https:\/\/yoast.com\/wordpress\/plugins\/seo\/ -->\n<title>BBQ PROFI-KOMBIPACK: f\u00fcr Perfekte Ergebnisse beim Grillen!<\/title>\n<meta name=\"description\" content=\"Powerseller Set: BBQ-Trennspray &amp; Grillreiniger mit gratis Reinigungsschwamm. F\u00fcr perfekte Ergebnisse beim Grillen!\" \/>\n<meta name=\"robots\" content=\"index, follow, max-snippet:-1, max-image-preview:large, max-video-preview:-1\" \/>\n<link rel=\"canonical\" href=\"https:\/\/www.bluefoxdes.de\/bbq-set\/\" \/>\n<meta property=\"og:locale\" content=\"de_DE\" \/>\n<meta property=\"og:type\" content=\"article\" \/>\n<meta property=\"og:title\" content=\"BBQ PROFI-KOMBIPACK: f\u00fcr Perfekte Ergebnisse beim Grillen!\" \/>\n<meta property=\"og:description\" content=\"Powerseller Set: BBQ-Trennspray &amp; Grillreiniger mit gratis Reinigungsschwamm. F\u00fcr perfekte Ergebnisse beim Grillen!\" \/>\n<meta property=\"og:url\" content=\"https:\/\/www.bluefoxdes.de\/bbq-set\/\" \/>\n<meta property=\"og:site_name\" content=\"BBQ Grillset\" \/>\n<meta property=\"article:modified_time\" content=\"2023-03-09T14:21:14+00:00\" \/>\n<meta property=\"og:image\" content=\"https:\/\/www.bluefoxdes.de\/bbq-set\/wp-content\/uploads\/2021\/12\/BBQ-Spray.png\" \/>\n\t<meta property=\"og:image:width\" content=\"633\" \/>\n\t<meta property=\"og:image:height\" content=\"635\" \/>\n\t<meta property=\"og:image:type\" content=\"image\/png\" \/>\n<meta name=\"twitter:card\" content=\"summary_large_image\" \/>\n<meta name=\"twitter:label1\" content=\"Gesch\u00e4tzte Lesezeit\" \/>\n\t<meta name=\"twitter:data1\" content=\"3\u00a0Minuten\" \/>\n<script type=\"application\/ld+json\" class=\"yoast-schema-graph\">{\"@context\":\"https:\/\/schema.org\",\"@graph\":[{\"@type\":\"WebPage\",\"@id\":\"https:\/\/www.bluefoxdes.de\/bbq-set\/\",\"url\":\"https:\/\/www.bluefoxdes.de\/bbq-set\/\",\"name\":\"BBQ PROFI-KOMBIPACK: f\u00fcr Perfekte Ergebnisse beim Grillen!\",\"isPartOf\":{\"@id\":\"https:\/\/www.bluefoxdes.de\/bbq-set\/#website\"},\"primaryImageOfPage\":{\"@id\":\"https:\/\/www.bluefoxdes.de\/bbq-set\/#primaryimage\"},\"image\":{\"@id\":\"https:\/\/www.bluefoxdes.de\/bbq-set\/#primaryimage\"},\"thumbnailUrl\":\"https:\/\/www.bluefoxdes.de\/bbq-set\/wp-content\/uploads\/2021\/12\/BBQ-Spray.png\",\"datePublished\":\"2021-12-15T07:38:52+00:00\",\"dateModified\":\"2023-03-09T14:21:14+00:00\",\"description\":\"Powerseller Set: BBQ-Trennspray & Grillreiniger mit gratis Reinigungsschwamm. F\u00fcr perfekte Ergebnisse beim Grillen!\",\"breadcrumb\":{\"@id\":\"https:\/\/www.bluefoxdes.de\/bbq-set\/#breadcrumb\"},\"inLanguage\":\"de\",\"potentialAction\":[{\"@type\":\"ReadAction\",\"target\":[\"https:\/\/www.bluefoxdes.de\/bbq-set\/\"]}]},{\"@type\":\"ImageObject\",\"inLanguage\":\"de\",\"@id\":\"https:\/\/www.bluefoxdes.de\/bbq-set\/#primaryimage\",\"url\":\"https:\/\/www.bluefoxdes.de\/bbq-set\/wp-content\/uploads\/2021\/12\/BBQ-Spray.png\",\"contentUrl\":\"https:\/\/www.bluefoxdes.de\/bbq-set\/wp-content\/uploads\/2021\/12\/BBQ-Spray.png\",\"width\":633,\"height\":635},{\"@type\":\"BreadcrumbList\",\"@id\":\"https:\/\/www.bluefoxdes.de\/bbq-set\/#breadcrumb\",\"itemListElement\":[{\"@type\":\"ListItem\",\"position\":1,\"name\":\"Startseite\",\"item\":\"https:\/\/www.bluefoxdes.de\/bbq-set\/\"},{\"@type\":\"ListItem\",\"position\":2,\"name\":\"Startseite\"}]},{\"@type\":\"WebSite\",\"@id\":\"https:\/\/www.bluefoxdes.de\/bbq-set\/#website\",\"url\":\"https:\/\/www.bluefoxdes.de\/bbq-set\/\",\"name\":\"BBQ Grillset\",\"description\":\"\",\"potentialAction\":[{\"@type\":\"SearchAction\",\"target\":{\"@type\":\"EntryPoint\",\"urlTemplate\":\"https:\/\/www.bluefoxdes.de\/bbq-set\/?s={search_term_string}\"},\"query-input\":{\"@type\":\"PropertyValueSpecification\",\"valueRequired\":true,\"valueName\":\"search_term_string\"}}],\"inLanguage\":\"de\"}]}<\/script>\n<!-- \/ Yoast SEO plugin. -->","yoast_head_json":{"title":"BBQ PROFI-KOMBIPACK: f\u00fcr Perfekte Ergebnisse beim Grillen!","description":"Powerseller Set: BBQ-Trennspray & Grillreiniger mit gratis Reinigungsschwamm. F\u00fcr perfekte Ergebnisse beim Grillen!","robots":{"index":"index","follow":"follow","max-snippet":"max-snippet:-1","max-image-preview":"max-image-preview:large","max-video-preview":"max-video-preview:-1"},"canonical":"https:\/\/www.bluefoxdes.de\/bbq-set\/","og_locale":"de_DE","og_type":"article","og_title":"BBQ PROFI-KOMBIPACK: f\u00fcr Perfekte Ergebnisse beim Grillen!","og_description":"Powerseller Set: BBQ-Trennspray & Grillreiniger mit gratis Reinigungsschwamm. F\u00fcr perfekte Ergebnisse beim Grillen!","og_url":"https:\/\/www.bluefoxdes.de\/bbq-set\/","og_site_name":"BBQ Grillset","article_modified_time":"2023-03-09T14:21:14+00:00","og_image":[{"width":633,"height":635,"url":"https:\/\/www.bluefoxdes.de\/bbq-set\/wp-content\/uploads\/2021\/12\/BBQ-Spray.png","type":"image\/png"}],"twitter_card":"summary_large_image","twitter_misc":{"Gesch\u00e4tzte Lesezeit":"3\u00a0Minuten"},"schema":{"@context":"https:\/\/schema.org","@graph":[{"@type":"WebPage","@id":"https:\/\/www.bluefoxdes.de\/bbq-set\/","url":"https:\/\/www.bluefoxdes.de\/bbq-set\/","name":"BBQ PROFI-KOMBIPACK: f\u00fcr Perfekte Ergebnisse beim Grillen!","isPartOf":{"@id":"https:\/\/www.bluefoxdes.de\/bbq-set\/#website"},"primaryImageOfPage":{"@id":"https:\/\/www.bluefoxdes.de\/bbq-set\/#primaryimage"},"image":{"@id":"https:\/\/www.bluefoxdes.de\/bbq-set\/#primaryimage"},"thumbnailUrl":"https:\/\/www.bluefoxdes.de\/bbq-set\/wp-content\/uploads\/2021\/12\/BBQ-Spray.png","datePublished":"2021-12-15T07:38:52+00:00","dateModified":"2023-03-09T14:21:14+00:00","description":"Powerseller Set: BBQ-Trennspray & Grillreiniger mit gratis Reinigungsschwamm. F\u00fcr perfekte Ergebnisse beim Grillen!","breadcrumb":{"@id":"https:\/\/www.bluefoxdes.de\/bbq-set\/#breadcrumb"},"inLanguage":"de","potentialAction":[{"@type":"ReadAction","target":["https:\/\/www.bluefoxdes.de\/bbq-set\/"]}]},{"@type":"ImageObject","inLanguage":"de","@id":"https:\/\/www.bluefoxdes.de\/bbq-set\/#primaryimage","url":"https:\/\/www.bluefoxdes.de\/bbq-set\/wp-content\/uploads\/2021\/12\/BBQ-Spray.png","contentUrl":"https:\/\/www.bluefoxdes.de\/bbq-set\/wp-content\/uploads\/2021\/12\/BBQ-Spray.png","width":633,"height":635},{"@type":"BreadcrumbList","@id":"https:\/\/www.bluefoxdes.de\/bbq-set\/#breadcrumb","itemListElement":[{"@type":"ListItem","position":1,"name":"Startseite","item":"https:\/\/www.bluefoxdes.de\/bbq-set\/"},{"@type":"ListItem","position":2,"name":"Startseite"}]},{"@type":"WebSite","@id":"https:\/\/www.bluefoxdes.de\/bbq-set\/#website","url":"https:\/\/www.bluefoxdes.de\/bbq-set\/","name":"BBQ Grillset","description":"","potentialAction":[{"@type":"SearchAction","target":{"@type":"EntryPoint","urlTemplate":"https:\/\/www.bluefoxdes.de\/bbq-set\/?s={search_term_string}"},"query-input":{"@type":"PropertyValueSpecification","valueRequired":true,"valueName":"search_term_string"}}],"inLanguage":"de"}]}},"_links":{"self":[{"href":"https:\/\/www.bluefoxdes.de\/bbq-set\/wp-json\/wp\/v2\/pages\/2","targetHints":{"allow":["GET"]}}],"collection":[{"href":"https:\/\/www.bluefoxdes.de\/bbq-set\/wp-json\/wp\/v2\/pages"}],"about":[{"href":"https:\/\/www.bluefoxdes.de\/bbq-set\/wp-json\/wp\/v2\/types\/page"}],"author":[{"embeddable":true,"href":"https:\/\/www.bluefoxdes.de\/bbq-set\/wp-json\/wp\/v2\/users\/1"}],"replies":[{"embeddable":true,"href":"https:\/\/www.bluefoxdes.de\/bbq-set\/wp-json\/wp\/v2\/comments?post=2"}],"version-history":[{"count":96,"href":"https:\/\/www.bluefoxdes.de\/bbq-set\/wp-json\/wp\/v2\/pages\/2\/revisions"}],"predecessor-version":[{"id":357,"href":"https:\/\/www.bluefoxdes.de\/bbq-set\/wp-json\/wp\/v2\/pages\/2\/revisions\/357"}],"wp:featuredmedia":[{"embeddable":true,"href":"https:\/\/www.bluefoxdes.de\/bbq-set\/wp-json\/wp\/v2\/media\/293"}],"wp:attachment":[{"href":"https:\/\/www.bluefoxdes.de\/bbq-set\/wp-json\/wp\/v2\/media?parent=2"}],"curies":[{"name":"wp","href":"https:\/\/api.w.org\/{rel}","templated":true}]}}