{"id":204,"date":"2021-12-16T16:55:29","date_gmt":"2021-12-16T15:55:29","guid":{"rendered":"http:\/\/bluefoxdes.de\/bbq-set\/?page_id=204"},"modified":"2023-03-09T14:59:11","modified_gmt":"2023-03-09T13:59:11","slug":"impressum","status":"publish","type":"page","link":"https:\/\/www.bluefoxdes.de\/bbq-set\/impressum\/","title":{"rendered":"Impressum"},"content":{"rendered":"<p>[et_pb_section fb_built=&#8220;1&#8243; _builder_version=&#8220;4.9.1&#8243; _module_preset=&#8220;default&#8220; background_image=&#8220;https:\/\/www.bluefoxdes.de\/bbq-set\/wp-content\/uploads\/2021\/12\/Hintergrund.jpg&#8220;][et_pb_row _builder_version=&#8220;4.9.1&#8243; _module_preset=&#8220;default&#8220;][et_pb_column type=&#8220;4_4&#8243; _builder_version=&#8220;4.9.1&#8243; _module_preset=&#8220;default&#8220;][et_pb_text _builder_version=&#8220;4.9.1&#8243; _module_preset=&#8220;default&#8220;]<\/p>\n<div class=\"section-header\">\n<div class=\"headline\">\n<h1>Impressum<\/h1>\n<\/div>\n<\/div>\n<div class=\"section-col section-col-1\">\n<p><b>Stever Marketing &amp; Vertrieb e.K.<\/b><br \/>Harfelder Weg 4a<br \/>48301 Nottuln<\/p>\n<p>Fon +49 2502 4960683<br \/>Mail <a href=\"mailto:info@bluefox.bio\">info@bluefox.bio<\/a><\/p>\n<p><strong>Gesch\u00e4ftsf\u00fchrer:<\/strong><br \/>Benjamin Grodde<\/p>\n<p><strong>Gerichtsstand:<\/strong><br \/>Amtsgericht Coesfeld<\/p>\n<p><strong>Registernummer:<\/strong><br \/>HR A 9622<\/p>\n<p><strong>Umsatzsteuer-Identifikationsnummer gem\u00e4\u00df \u00a7 27 a Umsatzsteuergesetz:<\/strong><br \/>Steuer Nr. 312\/5050\/4438\u00a0 \u00a0\/\u00a0 \u00a0UST-ID: DE349938848<\/p>\n<p><strong>Verantwortlicher i.S.d. \u00a7 55 Abs. 2 RStV:<\/strong><br \/>Benjamin Grodde<\/p>\n<p><strong style=\"font-size: 24px;\">Plattform der EU-Kommission zur Online-Streitbeilegung:<\/strong><\/p>\n<p><a href=\"http:\/\/ec.europa.eu\/consumers\/odr\" target=\"_blank\" rel=\"noopener noreferrer\">ec.europa.eu\/consumers\/odr<\/a><\/p>\n<p>Wir sind zur Teilnahme an einem Streitbeilegungsverfahren vor einer Verbraucherschlichtungsstelle weder verpflichtet noch bereit.<\/p>\n<\/div>\n<p>[\/et_pb_text][\/et_pb_column][\/et_pb_row][\/et_pb_section]<\/p>\n","protected":false},"excerpt":{"rendered":"<p>[et_pb_section fb_built=&#8220;1&#8243; _builder_version=&#8220;4.9.1&#8243; _module_preset=&#8220;default&#8220; background_image=&#8220;https:\/\/www.bluefoxdes.de\/bbq-set\/wp-content\/uploads\/2021\/12\/Hintergrund.jpg&#8220;][et_pb_row _builder_version=&#8220;4.9.1&#8243; _module_preset=&#8220;default&#8220;][et_pb_column type=&#8220;4_4&#8243; _builder_version=&#8220;4.9.1&#8243; _module_preset=&#8220;default&#8220;][et_pb_text _builder_version=&#8220;4.9.1&#8243; _module_preset=&#8220;default&#8220;] Impressum Stever Marketing &amp; Vertrieb e.K.Harfelder Weg 4a48301 Nottuln Fon +49 2502 4960683Mail info@bluefox.bio Gesch\u00e4ftsf\u00fchrer:Benjamin Grodde Gerichtsstand:Amtsgericht Coesfeld Registernummer:HR A 9622 Umsatzsteuer-Identifikationsnummer gem\u00e4\u00df \u00a7 27 a Umsatzsteuergesetz:Steuer Nr. 312\/5050\/4438\u00a0 \u00a0\/\u00a0 \u00a0UST-ID: DE349938848 Verantwortlicher i.S.d. \u00a7 55 Abs. 2 RStV:Benjamin Grodde Plattform der EU-Kommission [&hellip;]<\/p>\n","protected":false},"author":1,"featured_media":0,"parent":0,"menu_order":0,"comment_status":"closed","ping_status":"closed","template":"","meta":{"_et_pb_use_builder":"on","_et_pb_old_content":"","_et_gb_content_width":"","footnotes":""},"class_list":["post-204","page","type-page","status-publish","hentry"],"yoast_head":"<!-- This site is optimized with the Yoast SEO plugin v24.2 - https:\/\/yoast.com\/wordpress\/plugins\/seo\/ -->\n<title>Impressum - BBQ Grillset<\/title>\n<meta name=\"robots\" content=\"index, follow, max-snippet:-1, max-image-preview:large, max-video-preview:-1\" \/>\n<link rel=\"canonical\" href=\"https:\/\/www.bluefoxdes.de\/bbq-set\/impressum\/\" \/>\n<meta property=\"og:locale\" content=\"de_DE\" \/>\n<meta property=\"og:type\" content=\"article\" \/>\n<meta property=\"og:title\" content=\"Impressum - BBQ Grillset\" \/>\n<meta property=\"og:description\" content=\"[et_pb_section fb_built=&#8220;1&#8243; _builder_version=&#8220;4.9.1&#8243; _module_preset=&#8220;default&#8220; background_image=&#8220;https:\/\/www.bluefoxdes.de\/bbq-set\/wp-content\/uploads\/2021\/12\/Hintergrund.jpg&#8220;][et_pb_row _builder_version=&#8220;4.9.1&#8243; _module_preset=&#8220;default&#8220;][et_pb_column type=&#8220;4_4&#8243; _builder_version=&#8220;4.9.1&#8243; _module_preset=&#8220;default&#8220;][et_pb_text _builder_version=&#8220;4.9.1&#8243; _module_preset=&#8220;default&#8220;] Impressum Stever Marketing &amp; Vertrieb e.K.Harfelder Weg 4a48301 Nottuln Fon +49 2502 4960683Mail info@bluefox.bio Gesch\u00e4ftsf\u00fchrer:Benjamin Grodde Gerichtsstand:Amtsgericht Coesfeld Registernummer:HR A 9622 Umsatzsteuer-Identifikationsnummer gem\u00e4\u00df \u00a7 27 a Umsatzsteuergesetz:Steuer Nr. 312\/5050\/4438\u00a0 \u00a0\/\u00a0 \u00a0UST-ID: DE349938848 Verantwortlicher i.S.d. \u00a7 55 Abs. 2 RStV:Benjamin Grodde Plattform der EU-Kommission [&hellip;]\" \/>\n<meta property=\"og:url\" content=\"https:\/\/www.bluefoxdes.de\/bbq-set\/impressum\/\" \/>\n<meta property=\"og:site_name\" content=\"BBQ Grillset\" \/>\n<meta property=\"article:modified_time\" content=\"2023-03-09T13:59:11+00:00\" \/>\n<meta name=\"twitter:card\" content=\"summary_large_image\" \/>\n<meta name=\"twitter:label1\" content=\"Gesch\u00e4tzte Lesezeit\" \/>\n\t<meta name=\"twitter:data1\" content=\"1\u00a0Minute\" \/>\n<script type=\"application\/ld+json\" class=\"yoast-schema-graph\">{\"@context\":\"https:\/\/schema.org\",\"@graph\":[{\"@type\":\"WebPage\",\"@id\":\"https:\/\/www.bluefoxdes.de\/bbq-set\/impressum\/\",\"url\":\"https:\/\/www.bluefoxdes.de\/bbq-set\/impressum\/\",\"name\":\"Impressum - BBQ Grillset\",\"isPartOf\":{\"@id\":\"https:\/\/www.bluefoxdes.de\/bbq-set\/#website\"},\"datePublished\":\"2021-12-16T15:55:29+00:00\",\"dateModified\":\"2023-03-09T13:59:11+00:00\",\"breadcrumb\":{\"@id\":\"https:\/\/www.bluefoxdes.de\/bbq-set\/impressum\/#breadcrumb\"},\"inLanguage\":\"de\",\"potentialAction\":[{\"@type\":\"ReadAction\",\"target\":[\"https:\/\/www.bluefoxdes.de\/bbq-set\/impressum\/\"]}]},{\"@type\":\"BreadcrumbList\",\"@id\":\"https:\/\/www.bluefoxdes.de\/bbq-set\/impressum\/#breadcrumb\",\"itemListElement\":[{\"@type\":\"ListItem\",\"position\":1,\"name\":\"Startseite\",\"item\":\"https:\/\/www.bluefoxdes.de\/bbq-set\/\"},{\"@type\":\"ListItem\",\"position\":2,\"name\":\"Impressum\"}]},{\"@type\":\"WebSite\",\"@id\":\"https:\/\/www.bluefoxdes.de\/bbq-set\/#website\",\"url\":\"https:\/\/www.bluefoxdes.de\/bbq-set\/\",\"name\":\"BBQ Grillset\",\"description\":\"\",\"potentialAction\":[{\"@type\":\"SearchAction\",\"target\":{\"@type\":\"EntryPoint\",\"urlTemplate\":\"https:\/\/www.bluefoxdes.de\/bbq-set\/?s={search_term_string}\"},\"query-input\":{\"@type\":\"PropertyValueSpecification\",\"valueRequired\":true,\"valueName\":\"search_term_string\"}}],\"inLanguage\":\"de\"}]}<\/script>\n<!-- \/ Yoast SEO plugin. -->","yoast_head_json":{"title":"Impressum - BBQ Grillset","robots":{"index":"index","follow":"follow","max-snippet":"max-snippet:-1","max-image-preview":"max-image-preview:large","max-video-preview":"max-video-preview:-1"},"canonical":"https:\/\/www.bluefoxdes.de\/bbq-set\/impressum\/","og_locale":"de_DE","og_type":"article","og_title":"Impressum - BBQ Grillset","og_description":"[et_pb_section fb_built=&#8220;1&#8243; _builder_version=&#8220;4.9.1&#8243; _module_preset=&#8220;default&#8220; background_image=&#8220;https:\/\/www.bluefoxdes.de\/bbq-set\/wp-content\/uploads\/2021\/12\/Hintergrund.jpg&#8220;][et_pb_row _builder_version=&#8220;4.9.1&#8243; _module_preset=&#8220;default&#8220;][et_pb_column type=&#8220;4_4&#8243; _builder_version=&#8220;4.9.1&#8243; _module_preset=&#8220;default&#8220;][et_pb_text _builder_version=&#8220;4.9.1&#8243; _module_preset=&#8220;default&#8220;] Impressum Stever Marketing &amp; Vertrieb e.K.Harfelder Weg 4a48301 Nottuln Fon +49 2502 4960683Mail info@bluefox.bio Gesch\u00e4ftsf\u00fchrer:Benjamin Grodde Gerichtsstand:Amtsgericht Coesfeld Registernummer:HR A 9622 Umsatzsteuer-Identifikationsnummer gem\u00e4\u00df \u00a7 27 a Umsatzsteuergesetz:Steuer Nr. 312\/5050\/4438\u00a0 \u00a0\/\u00a0 \u00a0UST-ID: DE349938848 Verantwortlicher i.S.d. \u00a7 55 Abs. 2 RStV:Benjamin Grodde Plattform der EU-Kommission [&hellip;]","og_url":"https:\/\/www.bluefoxdes.de\/bbq-set\/impressum\/","og_site_name":"BBQ Grillset","article_modified_time":"2023-03-09T13:59:11+00:00","twitter_card":"summary_large_image","twitter_misc":{"Gesch\u00e4tzte Lesezeit":"1\u00a0Minute"},"schema":{"@context":"https:\/\/schema.org","@graph":[{"@type":"WebPage","@id":"https:\/\/www.bluefoxdes.de\/bbq-set\/impressum\/","url":"https:\/\/www.bluefoxdes.de\/bbq-set\/impressum\/","name":"Impressum - BBQ Grillset","isPartOf":{"@id":"https:\/\/www.bluefoxdes.de\/bbq-set\/#website"},"datePublished":"2021-12-16T15:55:29+00:00","dateModified":"2023-03-09T13:59:11+00:00","breadcrumb":{"@id":"https:\/\/www.bluefoxdes.de\/bbq-set\/impressum\/#breadcrumb"},"inLanguage":"de","potentialAction":[{"@type":"ReadAction","target":["https:\/\/www.bluefoxdes.de\/bbq-set\/impressum\/"]}]},{"@type":"BreadcrumbList","@id":"https:\/\/www.bluefoxdes.de\/bbq-set\/impressum\/#breadcrumb","itemListElement":[{"@type":"ListItem","position":1,"name":"Startseite","item":"https:\/\/www.bluefoxdes.de\/bbq-set\/"},{"@type":"ListItem","position":2,"name":"Impressum"}]},{"@type":"WebSite","@id":"https:\/\/www.bluefoxdes.de\/bbq-set\/#website","url":"https:\/\/www.bluefoxdes.de\/bbq-set\/","name":"BBQ Grillset","description":"","potentialAction":[{"@type":"SearchAction","target":{"@type":"EntryPoint","urlTemplate":"https:\/\/www.bluefoxdes.de\/bbq-set\/?s={search_term_string}"},"query-input":{"@type":"PropertyValueSpecification","valueRequired":true,"valueName":"search_term_string"}}],"inLanguage":"de"}]}},"_links":{"self":[{"href":"https:\/\/www.bluefoxdes.de\/bbq-set\/wp-json\/wp\/v2\/pages\/204","targetHints":{"allow":["GET"]}}],"collection":[{"href":"https:\/\/www.bluefoxdes.de\/bbq-set\/wp-json\/wp\/v2\/pages"}],"about":[{"href":"https:\/\/www.bluefoxdes.de\/bbq-set\/wp-json\/wp\/v2\/types\/page"}],"author":[{"embeddable":true,"href":"https:\/\/www.bluefoxdes.de\/bbq-set\/wp-json\/wp\/v2\/users\/1"}],"replies":[{"embeddable":true,"href":"https:\/\/www.bluefoxdes.de\/bbq-set\/wp-json\/wp\/v2\/comments?post=204"}],"version-history":[{"count":5,"href":"https:\/\/www.bluefoxdes.de\/bbq-set\/wp-json\/wp\/v2\/pages\/204\/revisions"}],"predecessor-version":[{"id":349,"href":"https:\/\/www.bluefoxdes.de\/bbq-set\/wp-json\/wp\/v2\/pages\/204\/revisions\/349"}],"wp:attachment":[{"href":"https:\/\/www.bluefoxdes.de\/bbq-set\/wp-json\/wp\/v2\/media?parent=204"}],"curies":[{"name":"wp","href":"https:\/\/api.w.org\/{rel}","templated":true}]}}